.
10
Let m = -12 - -17. Suppose -m*i - 2*l + 6 = -15, 5*l = 5*i - 35. Calculate the remainder when 13 is divided by i.
3
Suppose l = -2*q + 33, 5 = -0*l + l. Let o = q + -6. Let v = 4 + -1. What is the remainder when o is divided by v?
2
Let y = 18 - 9. Calculate the remainder when 35 is divided by y.
8
Let i be (2 - 3) + 4 + -1. What is the remainder when 34 is divided by 24/2 - (i - 2)?
10
What is the remainder when (765/(-20))/(0 - 2/8) is divided by 26?
23
Let z(x) = x**3 + 5*x**2 + 4*x + 2. Let f be z(-4). Suppose 7 = q - 2*a, a + 20 = -f*q + 49. Let h = 104 + -66. Calculate the remainder when h is divided by q.
12
Let x(p) = p**3 + 11*p**2 + 15*p + 9. Suppose -5*g + q = 3*q - 168, -5*g = 5*q - 165. Calculate the remainder when x(-7) is divided by g.
32
Let d(s) = s - 1. Suppose 0*q = 3*q - 3. What is the remainder when q is divided by d(2)?
0
Let m(z) = z**2 + 2*z - 1. Let v(x) = x**3 + 3*x**2 - 4*x + 3. What is the remainder when v(-4) is divided by m(-3)?
1
Suppose 0 = -3*n + 16 + 23. Calculate the remainder when n is divided by 5.
3
Suppose 4 - 16 = -3*d. Suppose d*j - 8 = -4*s, -20 = -s + j + 4*j. What is the remainder when s is divided by 3?
2
Calculate the remainder when (-1*(2 + -1) - 1) + 7 is divided by 4.
1
Let o = -91 - -101. Calculate the remainder when 16 is divided by o.
6
Let t = 45 + -35. Calculate the remainder when 26 is divided by t.
6
Suppose -24*a = -18*a - 246. Calculate the remainder when a is divided by 14.
13
Let p(l) = -l**2 + 8*l + 1. Calculate the remainder when 60 is divided by p(6).
8
Let c(f) = 3*f - 16. Calculate the remainder when 4/(-18) + (-87)/(-27) is divided by c(6).
1
Suppose 0*x - 5*x = -295. Calculate the remainder when x is divided by 15.
14
Let f = 5 + 2. Let p = 81 - 45. Suppose 3*h = 6*h - p. What is the remainder when h is divided by f?
5
Suppose 0 = 4*m + 9 + 3, -i = 4*m + 11. Suppose 2 = -3*f + 17. Suppose -f*l = -2 - 3. Calculate the remainder when i is divided by l.
0
Let c(h) = -h**2 + 10*h - 1. Let a be 3 + 10/(-2)*1. Let j be -9*a*(-3)/(-6). What is the remainder when 15 is divided by c(j)?
7
Suppose i + 7 = 3*z - z, -4 = -z + i. Suppose -4*d = a + 3*a - 56, -d + z = 0. Let s(r) = r**2 + 6. What is the remainder when s(5) is divided by a?
9
Suppose j + j + 4 = 0. Calculate the remainder when 40 is divided by (-34)/j + 2 + 2.
19
Calculate the remainder when (-8)/(-6)*(10 - -2) is divided by 5.
1
Let b = -8 + 3. What is the remainder when 41 is divided by (-2)/(-5) - 53/b?
8
Let p(f) = -f + 16. Let s be p(13). Suppose -2*y = -3*v - 60 - 4, -12 = -s*v. Calculate the remainder when y is divided by (-1 - -5)*91/28.
12
Let o(v) = v**3 - v**2 - v + 15. Suppose -3*p + 12 = q, -7*p + 2*p = -q + 20. Suppose -12*r + q*r - 81 = 0. Calculate the remainder when r is divided by o(0).
12
Let j = 59 - 16. What is the remainder when j is divided by 11?
10
Suppose -5*m = -m + 4. What is the remainder when (-231)/(-7)*m/(-1) is divided by 12?
9
Suppose 3*p + 2 = 20. Let r = p + -3. Calculate the remainder when 4 is divided by r.
1
What is the remainder when 70/1 + (2 - 1) is divided by (0 + -4)*(4 + -10)?
23
Let n = 13 - 9. Calculate the remainder when 27 is divided by 168/30*10/n.
13
Let n = -18 + 53. Let y(i) = i + 18. Calculate the remainder when n is divided by y(-6).
11
Let f(v) = v - 8. Let b be f(7). Let h = b + 2. What is the remainder when ((-2)/4)/(h/(-36)) is divided by 10?
8
Let q(h) = 12*h**2 + 2*h - 3. Suppose 3*s + 2*s = 10. What is the remainder when q(s) is divided by 17?
15
Let c(t) = 4*t - 4. Let f be c(3). What is the remainder when ((-57)/4)/((-2)/f) is divided by 15?
12
What is the remainder when 12 is divided by (-124)/(-44) + (-8)/220*-5?
0
Suppose 0 = s - 5*s - 12. Let y = 6 - s. What is the remainder when 25 is divided by y?
7
Let c(o) = -1 - 5*o + 4 + 4*o. Calculate the remainder when ((-6)/3)/2 - -38 is divided by c(-7).
7
Let z(g) be the second derivative of g**5/20 - g**4/4 - 2*g. Let b be z(4). Let k = 34 - b. What is the remainder when 53 is divided by k?
17
Let p = 33 - 20. What is the remainder when 36 is divided by p?
10
Let u = -93 + 105. What is the remainder when 70 is divided by u?
10
Suppose 3*u - 50 = u. What is the remainder when 48 is divided by u?
23
Suppose -2*m + m + 3*t + 34 = 0, -2*m + 52 = 2*t. What is the remainder when 103 is divided by m?
19
Suppose -4*c + 3*h + h + 108 = 0, 0 = -c - 3*h + 23. What is the remainder when 100 is divided by c?
22
Suppose -2*g = g - 12, -3*j = -3*g. Suppose 0 = j*p - 193 - 19. Suppose 3*u + u = 72. What is the remainder when p is divided by u?
17
Let n = -4 - -3. Let i = 30 + -16. Let t = n + i. What is the remainder when 24 is divided by t?
11
Suppose 4*v - 133 = -3*s, -3*s + 103 = -3*v - 2. Calculate the remainder when s is divided by 24.
15
Suppose 3*j - 69 = -15. Calculate the remainder when j is divided by 7.
4
Let n(p) = -p + 14. Let s = 13 + -5. What is the remainder when s is divided by n(9)?
3
Let m(v) = -v**3 - 20*v**2 - 21*v - 11. Calculate the remainder when m(-19) is divided by 11.
5
Suppose 0*c + 2 = c. Suppose -c*j - 2*j - 5*z = -3, -j = 4*z + 2. What is the remainder when j is divided by 2?
0
What is the remainder when 17 is divided by (-2)/(-4) - 34/(-4)?
8
Let v(q) = -q**3 - 8*q**2 - 11*q - 7. Calculate the remainder when 77 is divided by v(-7).
14
Let n be (-5)/5 + 0 + 5. Suppose -4*b + 4*l = -40, n*b - 4*l = b + 35. What is the remainder when b is divided by 3?
2
What is the remainder when (36/15)/(3*(-4)/(-120)) is divided by 14?
10
Let q(a) = -a**3 + 12*a**2 + 14*a - 4. Calculate the remainder when q(13) is divided by 4.
1
Let i = -9 + 29. Suppose 0 = 2*r + f - i, 3*r + 2*f + f = 30. What is the remainder when r is divided by 3?
1
Let b(l) be the first derivative of 7*l**3/3 + l - 4. Calculate the remainder when 31 is divided by b(-1).
7
Let f = 22 - 17. Let j(y) = 2*y**3 - y**2 - 1. Let s be j(2). Let o = s - f. Calculate the remainder when 11 is divided by o.
5
Suppose 18 = x + 5*t, t - 14 = x - 2*x. Calculate the remainder when x is divided by (-148)/(-20) - (-2)/(-5).
6
Suppose 3*g - m - 50 = 0, 0*m = g - m - 18. Calculate the remainder when 30 is divided by g.
14
Suppose -106 = -3*w + i, w - 3*w + 2*i + 72 = 0. Suppose -12*y + 176 = -40. Calculate the remainder when w is divided by y.
17
Let o(p) = 1 + 1 - p - 6 + 8*p. What is the remainder when o(2) is divided by 6?
4
Let k be (-1*1)/(1/(-5)). Suppose k = 3*u - 64. Suppose 25 = 4*o - 23. Calculate the remainder when u is divided by o.
11
Suppose -159 = 5*t - 54. Let y = t + 57. Suppose 4*q = 5*v + y, -9 = -3*q + 3*v + 15. Calculate the remainder when q is divided by 3.
1
Suppose -4*a - 2 = f, 3*a - 2*f = -0*a + 4. Suppose 0 = l - a - 38. What is the remainder when l is divided by 20?
18
Let u(r) = 2*r**2 + 9*r + 25. Suppose 0*o + 5*o + 50 = 3*a, 3*a + 5*o = 40. What is the remainder when u(-6) is divided by a?
13
Let d = -20 + 28. Let r = 5 + d. Calculate the remainder when r is divided by (-3)/9*15/(-1).
3
Let u(x) = -11*x - 4. What is the remainder when u(-6) is divided by 16?
14
Let m = 59 + -43. Calculate the remainder when m is divided by 13.
3
Suppose -5*x - 8 = -0*g - 3*g, -g + 3*x = 0. Suppose j = g + 11. Calculate the remainder when 33 is divided by j.
16
Let c(o) = o**2 + 7*o + 12. Let w(j) = j**2 + 6*j + 12. Let y(i) = -5*c(i) + 6*w(i). Calculate the remainder when 33 is divided by y(0).
9
Suppose -17 = -5*z + 13. Let m be 74/z - 4/12. Suppose 0 = -n - 4, -5*n - m = -v + 10. What is the remainder when 3 is divided by v?
1
Suppose -y = 3*q + 4, 0 = 2*y + 3*q + 10 + 1. Let v = y - -22. Calculate the remainder when (-219)/(-5) - 1/(-5) is divided by v.
14
Suppose -129 - 66 = -5*p. Calculate the remainder when p is divided by 7.
4
Let o = 19 + -4. Suppose 3*f - 18 = m, m = 4*f - m - 24. Calculate the remainder when o is divided by f.
3
Let j(k) = k + 47. Let c(t) = t**2 + t - 2. Let u be c(2). Let l be 1/u - 1/4. What is the remainder when j(l) is divided by 16?
15
Let g(j) = j**3 + 4*j**2 - 4*j + 6. Suppose p + 5 = -0*p. What is the remainder when 4/18 - (-7)/9 is divided by g(p)?
0
Suppose 2*v - 5 = 7. Suppose v + 26 = 2*m. Suppose 0 = s - 45 + 14. Calculate the remainder when s is divided by m.
15
What is the remainder when -1*((1 -